 be f(-5). What is d(t)?
-8
Let w be 2*((-21)/(-2))/(-3). Let y(a) = -a**2 + 6*a - 8. Let j(k) = -3*k**2 + 12*k - 16. Suppose 0 = 5*i - 7*i - 4. Let q(r) = i*j(r) + 5*y(r). Give q(w).
-1
Let n(b) = -b**3 - 47*b**2 + 5 + 23*b**2 + 27*b**2. Give n(4).
-11
Suppose -6*p + 9*p + 54 = 0. Let m = p - -21. Let n(s) = s**3 - 2*s**2 + s - 4. Calculate n(m).
8
Suppose -7 + 1 = -6*i. Let b be (1/i)/(16/(-32)). Let y(m) = 0*m - m - m + 2. Calculate y(b).
6
Suppose -3*s + 2*a = s - 46, 0 = 5*s - 3*a - 59. Let m(k) = k**3 - 11*k**2 + 11*k - 15. Determine m(s).
-5
Let d(k) = 5*k**2 - 31*k - 43. Let j(w) = -2*w**2 + 12*w + 15. Let x(t) = -3*d(t) - 8*j(t). Give x(4).
13
Suppose -13*f = -23*f + 1830. Let b(h) = 65*h - 9 - f*h + 60*h + 57*h. Calculate b(-8).
-1
Let c be (-2)/(-3) - 17/3. Let m(r) = 0*r**2 + 29*r - 23*r + 2 + r**2. Calculate m(c).
-3
Let f(t) be the third derivative of -5*t**6/24 - t**5/60 + 35*t**2 + 2*t. Give f(1).
-26
Suppose -6*y = -8 - 4. Let d(f) = 5*f**2 + 1 - 6*f**2 - 1 - y. Calculate d(2).
-6
Let r(b) = b**3 + 4*b**2 + 2*b + 6. Let u be (3 - 33/9)*-3. Let o = -6 + u. Give r(o).
-2
Let f = -96 - -118. Let q(v) = -21*v**2 - 9*v + f*v**2 + 5*v. What is q(6)?
12
Let d(b) = -b + 6 + 6*b - 3*b. Let l be (7/(-49)*6)/((-6)/28). Suppose -5*v + l*v = 6. What is d(v)?
-6
Let k be (-2)/10 - (-123)/15. Let o = k - -8. Suppose -3*i = -o - 2. Let y(z) = -z**3 + 7*z**2 - 7*z + 2. Determine y(i).
-4
Let x(i) = 3*i**2 - 2*i. Let u(j) = j**2 + 12*j + 33. Let v be u(-7). Give x(v).
16
Let s(u) = 158 - 56 + 7*u - 33 - 3*u - 45. What is s(-6)?
0
Let a be 2 - (3/4)/(2/8). Suppose -8*b + 3 = -5. Let f(v) = -b - 8*v - 4*v + 4*v. Give f(a).
7
Let o(f) = 2*f + 8. Let w(v) = -v - 1. Let a(m) = o(m) + 10*w(m). Let i be a(-2). Let l = 10 - i. Let n(g) = -g**3 - 5*g**2 - 4*g + 1. Calculate n(l).
1
Let g = -12 - -11. Let i be (0/(-3))/(1 - g). Let d(s) = 11*s - 7*s + i*s**2 + s**2. Give d(-4).
0
Let b be (-1 + -1)*18/4. Let v(o) be the third derivative of o**5/60 + 5*o**4/12 + 7*o**3/6 - 7*o**2 + 5*o. Calculate v(b).
-2
Let s = 111 + -96. Let b(z) = -z**3 + 16*z**2 - 14*z - 3. Calculate b(s).
12
Suppose -4*x - 23 = -2*t - 3, 5*x + 7 = -2*t. Let z(h) = h**3 - h**2 + h + 1. Let v(y) = 3*y**3 + y**2 - y + 10. Let q(r) = -v(r) + 4*z(r). Give q(t).
-2
Let y(d) = d**2 + 3*d - 2. Let l = 230 - 234. What is y(l)?
2
Let l = -7 + 85. Let n be 1/(-9) - l/27. Let v(f) = -f**3 - 3*f**2 - 5*f - 4. Calculate v(n).
11
Let y(g) = 0 - 2*g + 36 + 0 - 3*g. Let m be y(8). Let z(f) = -f**2 - 3*f - 2. Calculate z(m).
-6
Let t(u) = -19*u. Let a = 601 - 602. Give t(a).
19
Let p(q) be the second derivative of q**4/12 + q**3/6 - 7*q**2/2 + 105*q - 1. What is p(-4)?
5
Let j(f) = 73*f + 2 - 144*f + 72*f. What is j(-6)?
-4
Let b(v) be the second derivative of 3*v**5/20 - v**4/3 + v**3/3 + v**2/2 + 110*v. Give b(2).
13
Let t = -21 + 15. Let x(a) = 3*a**3 - 10*a**2 + 2*a + 6. Let u = -131 - -127. Let n(p) = 2*p**3 - 9*p**2 + p + 6. Let w(f) = u*n(f) + 3*x(f). What is w(t)?
-18
Let c(q) = -4*q - 4. Let i(p) = 7*p + 6. Let n(k) = 5*c(k) + 3*i(k). Give n(-8).
-10
Let u(d) = -d**3 - d**2 - 3. Let s(n) = 4*n + 5. Let p be s(4). Let v = -21 + p. What is u(v)?
-3
Let x(q) = 4*q**2 + q + 3. Let m(r) = 3*r + 1. Let b be m(1). Suppose -12*d - 10 + 46 = 0. Let y(c) = -5*c**2 - 2. Let k(p) = b*x(p) + d*y(p). What is k(-4)?
6
Let g(p) = p**2 + 4*p + 5. Let c be 3/6*(-8)/(-1). Suppose 2*f - c*k = -34, 2*f - 2*k + 5*k + 27 = 0. Let x be (18/f)/((-21)/(-70)). Calculate g(x).
5
Let p(y) = -y**2 - 8*y + 12. Let o = -294 - -284. Determine p(o).
-8
Let j(a) = -2*a**3 - 2*a**2 + 2*a + 2. Let p be j(-2). Let v = p - 15. Let b = v + 13. Let i(x) = 3*x - 5. What is i(b)?
7
Let s(l) be the first derivative of -l**3 - l**2/2 - 2*l - 78. Calculate s(2).
-16
Let q(x) = -3*x**2 + 2 - 2*x - 2 + 1. Let s be ((-9)/3)/((-3)/(-2)). What is q(s)?
-7
Let d(w) be the third derivative of w**7/420 - w**6/360 + w**5/120 - w**4/24 - 5*w**3/6 - 12*w**2. Let n(z) be the first derivative of d(z). What is n(1)?
1
Let i = -3 - -5. Let n(p) = -p**3 + 5*p**i + 3 - p + 0*p**3 + 0*p**2. Suppose 4*t = -3*q - 0*q + 17, 4*q = -4. Determine n(t).
-2
Let q(k) = 5*k + 9. Let f(d) = 11*d + 19. Let h(b) = -6*f(b) + 13*q(b). Suppose 7*s + 71 = 36. Give h(s).
8
Let u(h) be the second derivative of -h**4/4 + h**3/3 + h**2/2 - 5*h - 2. Suppose -2*c = -4, 0 = 4*i - 5*c - 2 - 4. Let f = i - 5. What is u(f)?
-4
Let h = -8 - -11. Let n(r) = -3*r - 6*r + 3 + 4*r + 3*r - 5*r**2 - r**h. Calculate n(-4).
-5
Suppose 0 = 2*h - 0 - 4. Let v(b) = 4 + 3*b - 6*b + 4*b + h*b. Suppose 0 = -5*s + 2*n - 16, 4*s + 4*n = 5*n - 14. What is v(s)?
-8
Let r(d) = 18*d**3. Let v be (0 - 1 - -1)/(-34 + 31). Suppose -4 = 4*m - v. What is r(m)?
-18
Let d(b) = -7*b**3 - 2*b**2 - 2*b - 1. Suppose -i = n - 5, -3*i - 4*n = -4*i - 15. Suppose -2*w - 3 = -i. Give d(w).
6
Suppose 3*f + 17 = 4*p, 2*p + 5*f = -0*p - 11. Let b(c) be the first derivative of -2*c**3/3 + 3*c**2/2 - c - 281. Give b(p).
-3
Let p be 1*(-126)/24 + 12/(-16). Let j(t) = 2*t**2 + 6*t + 1. What is j(p)?
37
Suppose 0 = -4*r + t + 8, -4*t - t + 8 = 4*r. Let l(y) = -3 - r*y - 3*y + 3*y - y. What is l(6)?
-21
Let j(g) = 5*g**2 + g - 2. Let a(i) = 3*i**2 + i - 1. Let h(u) = 3*a(u) - 2*j(u). Suppose -4*s - 6 = -22. Determine h(s).
-11
Let j(q) = -1196 + 5*q + 3*q - 3*q + 1193. Suppose -2*o = -4*n, -5*o + 28 = 7*n - 3*n. What is j(n)?
7
Suppose -4*q = 2*n - 18, -n + 13 = 2*q - 4*n. Let b(j) = -3*j**2 - 5*j + 5. Let i(k) = -k**2 + 1. Let a(p) = -b(p) + 4*i(p). Calculate a(q).
-1
Let r be (-152)/(-26) - 50/(-325). Let h(z) = 5 - z - r - 3. What is h(-3)?
-1
Let m(j) = -4*j**3 + 7*j**2 + 6*j - 5*j**2 - 5*j - 7 + 3*j**3 + 3*j**2. Let p(w) = -w**2 - 11*w - 13. Let b be p(-9). What is m(b)?
-2
Let y = -28 + 14. Let b = 22 + y. Let n(d) = -d**3 + 8*d**2 + 2*d - 11. Give n(b).
5
Let t(m) = -m + 6. Suppose -2*w + 4*g = 4, 0 = -4*w - 3*g + 7*g. What is t(w)?
4
Let q(t) = -6*t**3 + 7*t**3 - 1 - 20*t**2 - 27*t + 12*t**2 + 37*t. What is q(7)?
20
Let h(i) = i**3 + 4*i**2 - 3*i + 1. Suppose 29 = 4*a - 4*y + 9*y, 11 = a + 5*y. Suppose 5*w + a = 16. Determine h(w).
19
Let g(y) = 5784 - y + 0*y - 5790 + 2*y. Suppose 0 = -f - 4 + 13. What is g(f)?
3
Let s be (10/(-11))/(36/(-198)). Let a(i) = i - 5. Give a(s).
0
Let d = 268 - 275. Let j(c) = 1. Let y(f) = -f**2 - 7*f - 10. Let p(x) = 4*j(x) + y(x). Calculate p(d).
-6
Let w(o) be the second derivative of -19*o - 7/6*o**3 + 4*o**2 + 0 - 1/12*o**4. Determine w(-7).
8
Let t be -1*(-2 - -4 - 6 - -2). Let x(y) = -y**t - y**2 + 1 + 6*y**2 + 0*y**2. Give x(1).
5
Let o = 127 - 100. Suppose -3 = -3*w + o. Let q(d) = -d**3 + 9*d**2 + 11*d - 11. Calculate q(w).
-1
Let y(l) = l**3 + 6*l**2 - 8*l - 5. Let u be y(-7). Let i(g) = -2 - g - 1 - 3 - u*g. Suppose -12 = 8*s - 5*s. Give i(s).
6
Suppose 0 = -3*d - 5*j + 36, -36 = -3*d + 4*j - 5*j. Let v(f) = 16*f**2 + 2*f - 2*f - d*f**2. Let x be -1*(0 + (-2)/(-2)). Give v(x).
4
Suppose 0 = -2*u + u - 1. Let j(x) = -8*x**3 - 5*x**2 + 7*x + 12. Let n(r) = -16*r**3 - 11*r**2 + 15*r + 26. Let i(z) = 13*j(z) - 6*n(z). Calculate i(u).
8
Let o(t) be the first derivative of t**5/60 - 2*t**3/3 - 21. Let j(d) be the third derivative of o(d). Calculate j(4).
8
Let u(z) = -z**3 - 9*z**2 + 6*z + 2. Suppose -5*y - 20 = -5*v, -y - 4*v - 2 = 27. What is u(y)?
-52
Let w(v) = v**3 + 5*v**2 - v - 6. Let y be (12/4)/(3/4). Let g be (-1)/(21/5 - y). Give w(g).
-1
Suppose -4*t = -3*c - 6, -4*c - 3*t + 16 = 49. Let w(v) = 2*v + 5. Determine w(c).
-7
Let z(r) = -r**3 - 4*r**2 - 4*r - 4. Suppose -9*q + q - 32 = 0. Give z(q).
12
Let g(f) = -f - 6. Let y(m) = -2*m**3 + 6*m**2 - 2*m + 1. Let l be y(4). Let w = -56 - l. Let i = w + 11. Calculate g(i).
0
Let s(c) = 6*c + 3. Let m(x) = 5*x + 3. Let q(n) = -4*m(n) + 3*s(n). Suppose 0 = 2*d + 1 + 5. Calculate q(d).
3
Let b(q) = 14*q - 1. Let s = -278 + 277. What is b(s)?
-15
Suppose 0 = 165*r - 172*r + 28. Let g(c) be the first derivative of 7 - 1/3*c**3 + 3*c**2 - r*c. Calculate g(6).
-4
Let s(o) = 14*o + 15*o - 24*o - 5. Determine s(-4).
-25
Let r be 2*1 + (-126)/(-6). Let k = r + -21. Let o(b) = k*b**2 - b**2 + 0*b**2 + 4. What is o(0)?
4
Let w = -7 - -15. Let t(a) = a**3 - 9*a**2 + 7*a + 11. Let g be t(w). Let y be ((-4)/g)/((-8)/(-12)). Let l(n) =